(w) = 0 + 2*w + 6 - 6*w. Let m be z(5). Let b = m + 20. List the prime factors of b.
2, 3
Let b(t) = 2*t**2 + 5*t + 2. Let d be b(-9). Let n = d - 81. Suppose -8 = 2*p, -n = -4*c + c + 2*p. List the prime factors of c.
2, 5
Let o = -33 + 28. Let v(j) = 3*j**3 - 17*j**2 + 3*j - 5. Let x(a) = a**3 - 8*a**2 + a - 2. Let s(r) = 2*v(r) - 5*x(r). List the prime factors of s(o).
2, 5
Suppose 3*m - 32 = 5*t, 0 = -0*m + m - 3*t - 4. List the prime factors of m.
19
Suppose -3*d - 76 = -4*d. List the prime factors of d.
2, 19
Suppose 8*v - 18 = 2*v. Suppose -6 = -2*w + 5*n + 83, -3*w = -v*n - 129. What are the prime factors of w?
2, 3, 7
Let s be -1 + (0 - -1) - -1. Suppose 5*d - 31 + s = 0. What are the prime factors of d?
2, 3
Let n = -8 + 29. Let k = -11 + n. List the prime factors of k.
2, 5
Let r = 15 - 9. Suppose 2*c - r = -2. List the prime factors of c.
2
Let b be (-18)/(-5) + 8/20. List the prime factors of (-50)/(-4) - (-2)/b.
13
Suppose 0 = -2*g - g - 3. Let c = g - -16. List the prime factors of c.
3, 5
Let m(r) = r**3 + 13*r**2 - 4*r - 11. What are the prime factors of m(-13)?
41
Suppose -c = a - 51, -11 = -4*a + 9. What are the prime factors of c?
2, 23
Let h(s) = 14*s**3 - 7*s**2 - 6*s - 4. Let j(c) = -9*c**3 + 5*c**2 + 4*c + 3. Let l(o) = 5*h(o) + 7*j(o). List the prime factors of l(1).
2, 3
Let m = 16 + -10. Suppose 3*b = 6 + m. Suppose b*j - 2*j = 6. What are the prime factors of j?
3
Let b be (-13)/(-4) + (-5)/20. Suppose 4*c + 48 = 2*o, 3*o - 1 - 41 = b*c. Let k = c + 14. List the prime factors of k.
2
Suppose 0 = 5*n + 9 + 6. Let x = 1 + n. What are the prime factors of 5*((-72)/10)/x?
2, 3
List the prime factors of (1/1)/(1 - 530/532).
2, 7, 19
Suppose 0 = m + 5*d - d - 41, 5*d + 205 = 5*m. Let y be (-4)/26 - m/(-13). Suppose 5*z - l - 29 = 3*l, -y*l = -12. List the prime factors of z.
3
Let s(a) = -4*a - 53. What are the prime factors of s(-21)?
31
Suppose x = -0*x + 37. Suppose -x - 48 = -5*u. What are the prime factors of u?
17
Let b(g) = g + 2. Let w be b(-4). What are the prime factors of (-22)/w + (-2 - 0)?
3
Let t be (-10)/(-35) + 102/(-14). Let y(m) = 2*m**2 + 7*m - 7. List the prime factors of y(t).
2, 3, 7
Suppose 4*r + 8 = 0, 5*i + r = 3*r + 34. Suppose -3*d + i = -39. Suppose 0*v + 3*v + 15 = 5*q, v - d = -5*q. List the prime factors of q.
3
Suppose -47 + 119 = 4*d. List the prime factors of d.
2, 3
Let v(y) = 38*y**2 + 6*y + 5. What are the prime factors of v(-3)?
7, 47
Suppose 93 = 4*h + k, -56 = -6*h + 3*h + 2*k. Let u = -5 + h. What are the prime factors of u?
17
Let f(i) = i - 1. Let n(r) = -4*r + 6*r + 2*r + 3 - 4. Let q(x) = 3*f(x) - n(x). What are the prime factors of q(-4)?
2
Let f be (-50)/4*(-16)/5. Suppose 5*k = -0*k + f. List the prime factors of k.
2
What are the prime factors of 357/27 - 2/9?
13
Suppose 81 = 5*k + 3*t, -2*t = 3*k - 14 - 34. Suppose -2*s + 4*s - k = 0. Suppose 0 = -3*c + 6*c - s. What are the prime factors of c?
3
Suppose -3*q + 0*q = -9. Suppose q - 6 = -j. Suppose -j*l - 5*a + 17 = 0, -4*a = -3*l - 0 + 8. List the prime factors of l.
2
Let c = 139 + 51. Suppose -v = 5*n - 180, 3*n + 3*v - c = -2*n. List the prime factors of n.
5, 7
Suppose -5*n + 1 + 4 = 0. Suppose -3 + n = -z. Suppose a - z*a = 4*m, 4*a = 3*m + 57. List the prime factors of a.
2, 3
Suppose 2*u = 4*u - 8. Suppose 0 = i + u, -o + 1 = -3*i + 2*i. List the prime factors of (-9)/(o - -2) + 1.
2, 5
Let o(r) = -3*r - 1. Let h be o(4). Let q = 22 + h. Let t = 20 - q. List the prime factors of t.
11
Suppose -3*h + 6 = -0*h. Suppose -m = h*d - 20, m + 0*m + 2 = 0. What are the prime factors of d?
11
Let b = -130 + 207. List the prime factors of b.
7, 11
Let f(w) = w**2 + 11*w. Let v be f(-10). Let d = v - -16. What are the prime factors of d?
2, 3
Suppose 32 = -2*q + 2. Let c be 0 - 1 - q/3. Suppose -c*k + b = -0*b - 38, 2*k + 4*b = 10. List the prime factors of k.
3
Suppose 0 = f + 5*w + 24 - 0, 2*f - 4*w = 8. What are the prime factors of f/(-14) + 194/7?
2, 7
Let r(c) = -10*c - 50. Let k(v) = 2*v + 10. Let w(n) = 14*k(n) + 3*r(n). Let z be w(-8). Let b = z - 0. List the prime factors of b.
2, 3
Suppose 5*c + c - 1884 = 0. List the prime factors of c.
2, 157
Suppose 2*s - u + 121 = 7*s, 70 = 3*s - 2*u. What are the prime factors of s?
2, 3
List the prime factors of (3 + 19 - 2) + (-6)/(-3).
2, 11
Suppose 748 = 3*o - 0*o + 4*u, 4*o + 3*u - 988 = 0. Let t be o/16 + (-1)/4. Let z = t - -4. List the prime factors of z.
19
Suppose 0*l = -2*l. Suppose -3*m + 9 + 6 = l. Suppose -s = 4*d + 18, m*d = -0*s - s - 23. List the prime factors of s.
2
Suppose 4 + 4 = 2*a. Suppose 0 = 3*o - 11 - a. Suppose 2*t = o + 9. What are the prime factors of t?
7
Let z be 1 - 3 - (-7)/(-1). Let c(a) = a**3 + 8*a**2 - 11*a - 10. Let w be c(z). What are the prime factors of (2/w - 1)*-4?
3
Let o(r) = -r - r**2 + 0*r**2 + 3*r**2 + 5*r + 4. Let q = -9 + 6. What are the prime factors of o(q)?
2, 5
Let v(y) = 2*y**2 - 9*y + 5. List the prime factors of v(7).
2, 5
Suppose -4*r = 3*f - 455, r + 2 = 4*f + 111. List the prime factors of r.
113
Let d = 3 - 3. Suppose d = k + 1 + 2. Let j = k - -7. List the prime factors of j.
2
Let z(m) = 0*m - 17*m + 0 + 0 - 8. What are the prime factors of z(-3)?
43
Suppose 2*o + 2*t = 10 + 20, -102 = -5*o + 4*t. Suppose -o = -c + 2*s + 4, -5*s + 89 = 2*c. Suppose 2*g - c = -0*g. What are the prime factors of g?
2
Let q = 6 + -1. Suppose -q*y = -4*r - r + 45, -r + 19 = y. List the prime factors of r.
2, 7
Suppose 0 = -j - 5*l - 10, 2*l = -4*j + 11 - 33. Let y be (-1)/((10/4)/j). Suppose -y*h = 2*s - 16, 2*s + h - 7 = -4*h. What are the prime factors of s?
11
Let b(u) = -u**3 - u**2 - u + 2. Let p be b(0). Let c(t) = 3*t + 0*t - t + 13*t**2 - 1 + 4*t**p. List the prime factors of c(1).
2, 3
Let y be (9/6)/((-1)/2). Let p = 5 + y. What are the prime factors of p?
2
Let z = 35 + -25. List the prime factors of z.
2, 5
Suppose -3*j + 69 = -4*i, -4*i = j - 0*j - 7. What are the prime factors of j?
19
Suppose 171 = 4*a - 5*f - 30, -5*a - f = -273. List the prime factors of a.
2, 3
Suppose 3*j - 9 = -3*t, -1 = -2*t - 3*j + 3. Suppose s = -t*k + 27, -5*k + 41 = -s + 4*s. What are the prime factors of s?
7
Suppose -3*y - 261 = -2*w - 4*y, 263 = 2*w + 3*y. What are the prime factors of w?
2, 5, 13
Let n(f) = -f**2 - 6*f + 9. Let h be n(-7). Let b(q) = 0*q - 7 + 4*q - q**h + 6*q. What are the prime factors of b(7)?
2, 7
Suppose -48 = -k + 5*k. List the prime factors of (33/k)/(2/(-8)).
11
Let u be (-4)/(-3)*(6 + -3). Suppose -u*c = 2*n - 42, 0 = -n + 5*n - 20. List the prime factors of c.
2
Suppose -14 = 2*k - 32. Suppose -2*d + 0 = -l - 5, d = 2*l + 1. Let a = d + k. What are the prime factors of a?
2, 3
Let i = -14 + 36. What are the prime factors of i?
2, 11
Let k(m) = -4 - 3 + 0 + 3 - 4*m. List the prime factors of k(-4).
2, 3
Suppose 2*g - 7*g = -310. What are the prime factors of g?
2, 31
Let w(j) = 7*j**3 + j - 1. Let b be w(1). Suppose -4*t + 5 = -b. Suppose 0 = -t*x - 5*o + 25, 3*x + o = -x + 56. List the prime factors of x.
3, 5
Let i be (-36)/10 + (-4)/10. Let d be 1*(i - -2)*-8. Suppose d = -2*l + 4*l. List the prime factors of l.
2
Suppose 5*n + 19 = 54. Let y(r) = r**3 - 8*r**2 + 8*r + 7. What are the prime factors of y(n)?
2, 7
What are the prime factors of 132 + (1/(-4))/(8/(-32))?
7, 19
Suppose 2*n = -u - 0 - 1, -3*u = -5*n - 30. Suppose u*k = 64 + 6. List the prime factors of k.
2, 7
Let r = 2 - -2. Let u be 3/2 + (-2)/r. Let x = u + 3. List the prime factors of x.
2
Let k be (2 - 5)/(0 + 1). List the prime factors of (-46)/(-3) + 1/k.
3, 5
Let d = -1 - -1. Suppose -2*b + 3*b = d. List the prime factors of (b + -1)*(-12)/2.
2, 3
Suppose -2*y - 37 = -j - 2*j, 5*y + 5*j + 80 = 0. Let v be (1/5 + -1)*-40. Let s = y + v. What are the prime factors of s?
3, 5
Let a(b) = -b + 9. Let m be a(5). Suppose -4 = 4*y - 0*y, m*y - 3 = -q. List the prime factors of q.
7
Let i be 4/8 + 38/4. Suppose 1 = -2*p + 7. Let k = p + i. What are the prime factors of k?
13
Suppose 5*i - 164 = 3*i. List the prime factors of i.
2, 41
Let i(v) = 5*v**2 - 3*v + 1. Let x be i(2). Suppose r = -0*m + 5*m - 153, m - x = -5*r. What are the prime factors of m?
2, 3, 5
Let o = 340 + -228. What are the prime factors of o?
2, 7
Let g(b) = b**2 + 3. Let z be